{"id":871,"date":"2024-04-14T22:13:07","date_gmt":"2024-04-14T22:13:07","guid":{"rendered":"https:\/\/guillermoinduni.com\/ingles\/?post_type=product&#038;p=871"},"modified":"2025-07-29T22:40:23","modified_gmt":"2025-07-29T22:40:23","slug":"mentoria-1-a-1","status":"publish","type":"product","link":"https:\/\/guillermoinduni.com\/ingles\/producto\/mentoria-1-a-1\/","title":{"rendered":"CAPACITACIONES PRIVADAS &#8211; CONGRESOS"},"content":{"rendered":"<h3 data-start=\"182\" data-end=\"237\">&#x1f4da; Capacitaciones Privadas para instituciones educativas, Congresos Internacionales, Municipios, Para grupos de Padres.<\/h3>\n<p data-start=\"239\" data-end=\"327\">Adem\u00e1s de mis cursos online, tambi\u00e9n brindo <strong data-start=\"283\" data-end=\"321\">capacitaciones privadas y a medida<\/strong> para:<\/p>\n<p data-start=\"329\" data-end=\"461\">&#x2705; Instituciones educativas<br data-start=\"355\" data-end=\"358\" \/>&#x2705; Organismos gubernamentales<br data-start=\"386\" data-end=\"389\" \/>&#x2705; Congresos acad\u00e9micos y cient\u00edficos<br data-start=\"425\" data-end=\"428\" \/>&#x2705; Eventos sociales y comunitarios<\/p>\n<p data-start=\"463\" data-end=\"638\">Estas formaciones est\u00e1n orientadas a fortalecer el abordaje inclusivo desde el movimiento, con herramientas pr\u00e1cticas y actualizadas sobre <strong data-start=\"602\" data-end=\"637\">actividad f\u00edsica y discapacidad<\/strong>.<\/p>\n<p data-start=\"640\" data-end=\"790\">&#x1f4e9; Para m\u00e1s informaci\u00f3n o para coordinar una propuesta adaptada a tu instituci\u00f3n, escribime a:<br data-start=\"734\" data-end=\"737\" \/><strong data-start=\"737\" data-end=\"765\"><a class=\"cursor-pointer\" rel=\"noopener\" data-start=\"739\" data-end=\"763\">info@guillermoinduni.com<\/a><\/strong> | <strong data-start=\"768\" data-end=\"790\">+54 9 11 3604 5475<\/strong><\/p>\n","protected":false},"excerpt":{"rendered":"<p>&#x1f4da; Capacitaciones Privadas para instituciones educativas, Congresos Internacionales, Municipios, Para grupos de Padres. Adem\u00e1s de mis cursos online, tambi\u00e9n brindo capacitaciones privadas y a medida para: &#x2705; Instituciones educativas&#x2705; Organismos gubernamentales&#x2705; Congresos acad\u00e9micos y cient\u00edficos&#x2705; Eventos sociales y comunitarios Estas formaciones est\u00e1n orientadas a fortalecer el abordaje inclusivo desde el movimiento, con herramientas pr\u00e1cticas y [&hellip;]<\/p>\n","protected":false},"featured_media":934,"template":"","meta":[],"product_brand":[],"product_cat":[15],"product_tag":[],"class_list":{"0":"post-871","1":"product","2":"type-product","3":"status-publish","4":"has-post-thumbnail","6":"product_cat-cursos","8":"first","9":"instock","10":"shipping-taxable","11":"product-type-simple"},"yoast_head":"<!-- This site is optimized with the Yoast SEO plugin v27.5 - https:\/\/yoast.com\/product\/yoast-seo-wordpress\/ -->\n<title>CAPACITACIONES PRIVADAS - CONGRESOS - Guillermo Induni<\/title>\n<meta name=\"robots\" content=\"index, follow, max-snippet:-1, max-image-preview:large, max-video-preview:-1\" \/>\n<link rel=\"canonical\" href=\"https:\/\/guillermoinduni.com\/ingles\/producto\/mentoria-1-a-1\/\" \/>\n<meta property=\"og:locale\" content=\"es_ES\" \/>\n<meta property=\"og:type\" content=\"article\" \/>\n<meta property=\"og:title\" content=\"CAPACITACIONES PRIVADAS - CONGRESOS - Guillermo Induni\" \/>\n<meta property=\"og:description\" content=\"&#x1f4da; Capacitaciones Privadas para instituciones educativas, Congresos Internacionales, Municipios, Para grupos de Padres. Adem\u00e1s de mis cursos online, tambi\u00e9n brindo capacitaciones privadas y a medida para: &#x2705; Instituciones educativas&#x2705; Organismos gubernamentales&#x2705; Congresos acad\u00e9micos y cient\u00edficos&#x2705; Eventos sociales y comunitarios Estas formaciones est\u00e1n orientadas a fortalecer el abordaje inclusivo desde el movimiento, con herramientas pr\u00e1cticas y [&hellip;]\" \/>\n<meta property=\"og:url\" content=\"https:\/\/guillermoinduni.com\/ingles\/producto\/mentoria-1-a-1\/\" \/>\n<meta property=\"og:site_name\" content=\"Guillermo Induni\" \/>\n<meta property=\"article:modified_time\" content=\"2025-07-29T22:40:23+00:00\" \/>\n<meta property=\"og:image\" content=\"http:\/\/guillermoinduni.com\/ingles\/wp-content\/uploads\/2024\/04\/CAPACITACIONES-JPG.jpg\" \/>\n\t<meta property=\"og:image:width\" content=\"1080\" \/>\n\t<meta property=\"og:image:height\" content=\"1080\" \/>\n\t<meta property=\"og:image:type\" content=\"image\/jpeg\" \/>\n<meta name=\"twitter:card\" content=\"summary_large_image\" \/>\n<meta name=\"twitter:label1\" content=\"Tiempo de lectura\" \/>\n\t<meta name=\"twitter:data1\" content=\"1 minuto\" \/>\n<script type=\"application\/ld+json\" class=\"yoast-schema-graph\">{\"@context\":\"https:\\\/\\\/schema.org\",\"@graph\":[{\"@type\":\"WebPage\",\"@id\":\"https:\\\/\\\/guillermoinduni.com\\\/ingles\\\/producto\\\/mentoria-1-a-1\\\/\",\"url\":\"https:\\\/\\\/guillermoinduni.com\\\/ingles\\\/producto\\\/mentoria-1-a-1\\\/\",\"name\":\"CAPACITACIONES PRIVADAS - CONGRESOS - Guillermo Induni\",\"isPartOf\":{\"@id\":\"https:\\\/\\\/guillermoinduni.com\\\/ingles\\\/#website\"},\"primaryImageOfPage\":{\"@id\":\"https:\\\/\\\/guillermoinduni.com\\\/ingles\\\/producto\\\/mentoria-1-a-1\\\/#primaryimage\"},\"image\":{\"@id\":\"https:\\\/\\\/guillermoinduni.com\\\/ingles\\\/producto\\\/mentoria-1-a-1\\\/#primaryimage\"},\"thumbnailUrl\":\"https:\\\/\\\/guillermoinduni.com\\\/ingles\\\/wp-content\\\/uploads\\\/2024\\\/04\\\/CAPACITACIONES-JPG.jpg\",\"datePublished\":\"2024-04-14T22:13:07+00:00\",\"dateModified\":\"2025-07-29T22:40:23+00:00\",\"breadcrumb\":{\"@id\":\"https:\\\/\\\/guillermoinduni.com\\\/ingles\\\/producto\\\/mentoria-1-a-1\\\/#breadcrumb\"},\"inLanguage\":\"es\",\"potentialAction\":[{\"@type\":\"ReadAction\",\"target\":[\"https:\\\/\\\/guillermoinduni.com\\\/ingles\\\/producto\\\/mentoria-1-a-1\\\/\"]}]},{\"@type\":\"ImageObject\",\"inLanguage\":\"es\",\"@id\":\"https:\\\/\\\/guillermoinduni.com\\\/ingles\\\/producto\\\/mentoria-1-a-1\\\/#primaryimage\",\"url\":\"https:\\\/\\\/guillermoinduni.com\\\/ingles\\\/wp-content\\\/uploads\\\/2024\\\/04\\\/CAPACITACIONES-JPG.jpg\",\"contentUrl\":\"https:\\\/\\\/guillermoinduni.com\\\/ingles\\\/wp-content\\\/uploads\\\/2024\\\/04\\\/CAPACITACIONES-JPG.jpg\",\"width\":1080,\"height\":1080},{\"@type\":\"BreadcrumbList\",\"@id\":\"https:\\\/\\\/guillermoinduni.com\\\/ingles\\\/producto\\\/mentoria-1-a-1\\\/#breadcrumb\",\"itemListElement\":[{\"@type\":\"ListItem\",\"position\":1,\"name\":\"Portada\",\"item\":\"https:\\\/\\\/guillermoinduni.com\\\/ingles\\\/\"},{\"@type\":\"ListItem\",\"position\":2,\"name\":\"Tienda\",\"item\":\"https:\\\/\\\/guillermoinduni.com\\\/ingles\\\/tienda\\\/\"},{\"@type\":\"ListItem\",\"position\":3,\"name\":\"CAPACITACIONES PRIVADAS &#8211; CONGRESOS\"}]},{\"@type\":\"WebSite\",\"@id\":\"https:\\\/\\\/guillermoinduni.com\\\/ingles\\\/#website\",\"url\":\"https:\\\/\\\/guillermoinduni.com\\\/ingles\\\/\",\"name\":\"Guillermo Induni\",\"description\":\"Guillermo Induni\",\"publisher\":{\"@id\":\"https:\\\/\\\/guillermoinduni.com\\\/ingles\\\/#organization\"},\"potentialAction\":[{\"@type\":\"SearchAction\",\"target\":{\"@type\":\"EntryPoint\",\"urlTemplate\":\"https:\\\/\\\/guillermoinduni.com\\\/ingles\\\/?s={search_term_string}\"},\"query-input\":{\"@type\":\"PropertyValueSpecification\",\"valueRequired\":true,\"valueName\":\"search_term_string\"}}],\"inLanguage\":\"es\"},{\"@type\":\"Organization\",\"@id\":\"https:\\\/\\\/guillermoinduni.com\\\/ingles\\\/#organization\",\"name\":\"Guillermo Induni\",\"url\":\"https:\\\/\\\/guillermoinduni.com\\\/ingles\\\/\",\"logo\":{\"@type\":\"ImageObject\",\"inLanguage\":\"es\",\"@id\":\"https:\\\/\\\/guillermoinduni.com\\\/ingles\\\/#\\\/schema\\\/logo\\\/image\\\/\",\"url\":\"https:\\\/\\\/guillermoinduni.com\\\/ingles\\\/wp-content\\\/uploads\\\/2021\\\/05\\\/logo_curvas.png\",\"contentUrl\":\"https:\\\/\\\/guillermoinduni.com\\\/ingles\\\/wp-content\\\/uploads\\\/2021\\\/05\\\/logo_curvas.png\",\"width\":828,\"height\":220,\"caption\":\"Guillermo Induni\"},\"image\":{\"@id\":\"https:\\\/\\\/guillermoinduni.com\\\/ingles\\\/#\\\/schema\\\/logo\\\/image\\\/\"}}]}<\/script>\n<!-- \/ Yoast SEO plugin. -->","yoast_head_json":{"title":"CAPACITACIONES PRIVADAS - CONGRESOS - Guillermo Induni","robots":{"index":"index","follow":"follow","max-snippet":"max-snippet:-1","max-image-preview":"max-image-preview:large","max-video-preview":"max-video-preview:-1"},"canonical":"https:\/\/guillermoinduni.com\/ingles\/producto\/mentoria-1-a-1\/","og_locale":"es_ES","og_type":"article","og_title":"CAPACITACIONES PRIVADAS - CONGRESOS - Guillermo Induni","og_description":"&#x1f4da; Capacitaciones Privadas para instituciones educativas, Congresos Internacionales, Municipios, Para grupos de Padres. Adem\u00e1s de mis cursos online, tambi\u00e9n brindo capacitaciones privadas y a medida para: &#x2705; Instituciones educativas&#x2705; Organismos gubernamentales&#x2705; Congresos acad\u00e9micos y cient\u00edficos&#x2705; Eventos sociales y comunitarios Estas formaciones est\u00e1n orientadas a fortalecer el abordaje inclusivo desde el movimiento, con herramientas pr\u00e1cticas y [&hellip;]","og_url":"https:\/\/guillermoinduni.com\/ingles\/producto\/mentoria-1-a-1\/","og_site_name":"Guillermo Induni","article_modified_time":"2025-07-29T22:40:23+00:00","og_image":[{"width":1080,"height":1080,"url":"http:\/\/guillermoinduni.com\/ingles\/wp-content\/uploads\/2024\/04\/CAPACITACIONES-JPG.jpg","type":"image\/jpeg"}],"twitter_card":"summary_large_image","twitter_misc":{"Tiempo de lectura":"1 minuto"},"schema":{"@context":"https:\/\/schema.org","@graph":[{"@type":"WebPage","@id":"https:\/\/guillermoinduni.com\/ingles\/producto\/mentoria-1-a-1\/","url":"https:\/\/guillermoinduni.com\/ingles\/producto\/mentoria-1-a-1\/","name":"CAPACITACIONES PRIVADAS - CONGRESOS - Guillermo Induni","isPartOf":{"@id":"https:\/\/guillermoinduni.com\/ingles\/#website"},"primaryImageOfPage":{"@id":"https:\/\/guillermoinduni.com\/ingles\/producto\/mentoria-1-a-1\/#primaryimage"},"image":{"@id":"https:\/\/guillermoinduni.com\/ingles\/producto\/mentoria-1-a-1\/#primaryimage"},"thumbnailUrl":"https:\/\/guillermoinduni.com\/ingles\/wp-content\/uploads\/2024\/04\/CAPACITACIONES-JPG.jpg","datePublished":"2024-04-14T22:13:07+00:00","dateModified":"2025-07-29T22:40:23+00:00","breadcrumb":{"@id":"https:\/\/guillermoinduni.com\/ingles\/producto\/mentoria-1-a-1\/#breadcrumb"},"inLanguage":"es","potentialAction":[{"@type":"ReadAction","target":["https:\/\/guillermoinduni.com\/ingles\/producto\/mentoria-1-a-1\/"]}]},{"@type":"ImageObject","inLanguage":"es","@id":"https:\/\/guillermoinduni.com\/ingles\/producto\/mentoria-1-a-1\/#primaryimage","url":"https:\/\/guillermoinduni.com\/ingles\/wp-content\/uploads\/2024\/04\/CAPACITACIONES-JPG.jpg","contentUrl":"https:\/\/guillermoinduni.com\/ingles\/wp-content\/uploads\/2024\/04\/CAPACITACIONES-JPG.jpg","width":1080,"height":1080},{"@type":"BreadcrumbList","@id":"https:\/\/guillermoinduni.com\/ingles\/producto\/mentoria-1-a-1\/#breadcrumb","itemListElement":[{"@type":"ListItem","position":1,"name":"Portada","item":"https:\/\/guillermoinduni.com\/ingles\/"},{"@type":"ListItem","position":2,"name":"Tienda","item":"https:\/\/guillermoinduni.com\/ingles\/tienda\/"},{"@type":"ListItem","position":3,"name":"CAPACITACIONES PRIVADAS &#8211; CONGRESOS"}]},{"@type":"WebSite","@id":"https:\/\/guillermoinduni.com\/ingles\/#website","url":"https:\/\/guillermoinduni.com\/ingles\/","name":"Guillermo Induni","description":"Guillermo Induni","publisher":{"@id":"https:\/\/guillermoinduni.com\/ingles\/#organization"},"potentialAction":[{"@type":"SearchAction","target":{"@type":"EntryPoint","urlTemplate":"https:\/\/guillermoinduni.com\/ingles\/?s={search_term_string}"},"query-input":{"@type":"PropertyValueSpecification","valueRequired":true,"valueName":"search_term_string"}}],"inLanguage":"es"},{"@type":"Organization","@id":"https:\/\/guillermoinduni.com\/ingles\/#organization","name":"Guillermo Induni","url":"https:\/\/guillermoinduni.com\/ingles\/","logo":{"@type":"ImageObject","inLanguage":"es","@id":"https:\/\/guillermoinduni.com\/ingles\/#\/schema\/logo\/image\/","url":"https:\/\/guillermoinduni.com\/ingles\/wp-content\/uploads\/2021\/05\/logo_curvas.png","contentUrl":"https:\/\/guillermoinduni.com\/ingles\/wp-content\/uploads\/2021\/05\/logo_curvas.png","width":828,"height":220,"caption":"Guillermo Induni"},"image":{"@id":"https:\/\/guillermoinduni.com\/ingles\/#\/schema\/logo\/image\/"}}]}},"_links":{"self":[{"href":"https:\/\/guillermoinduni.com\/ingles\/wp-json\/wp\/v2\/product\/871","targetHints":{"allow":["GET"]}}],"collection":[{"href":"https:\/\/guillermoinduni.com\/ingles\/wp-json\/wp\/v2\/product"}],"about":[{"href":"https:\/\/guillermoinduni.com\/ingles\/wp-json\/wp\/v2\/types\/product"}],"wp:featuredmedia":[{"embeddable":true,"href":"https:\/\/guillermoinduni.com\/ingles\/wp-json\/wp\/v2\/media\/934"}],"wp:attachment":[{"href":"https:\/\/guillermoinduni.com\/ingles\/wp-json\/wp\/v2\/media?parent=871"}],"wp:term":[{"taxonomy":"product_brand","embeddable":true,"href":"https:\/\/guillermoinduni.com\/ingles\/wp-json\/wp\/v2\/product_brand?post=871"},{"taxonomy":"product_cat","embeddable":true,"href":"https:\/\/guillermoinduni.com\/ingles\/wp-json\/wp\/v2\/product_cat?post=871"},{"taxonomy":"product_tag","embeddable":true,"href":"https:\/\/guillermoinduni.com\/ingles\/wp-json\/wp\/v2\/product_tag?post=871"}],"curies":[{"name":"wp","href":"https:\/\/api.w.org\/{rel}","templated":true}]}}